 18004 + -18067 + -1 + -15?
-79
What is the value of -278 + 322 - (8 + 38)?
-2
What is 86 + (-17 - 200) + 82?
-49
What is (-8 - 2) + -3 + 1 + 0 - (347 + -356)?
-3
Evaluate -1 - (0 + (-10 - -8)) - 45.
-44
What is the value of -690 - -627 - ((2 - 0) + -28)?
-37
Calculate 26 - (1 - -7 - (-205 + 223)).
36
Evaluate -262 + 134 - (3 + -92).
-39
What is -21 + (5 - 4) + 2?
-18
What is -48 + (-10 - -5 - (20 - 6)) + (0 - 2)?
-69
(2280 - 2259) + -9 + -4 + 3
11
What is the value of (-1 - -6) + -100 - ((-38 - -89) + -46)?
-100
What is the value of 2 + -2 + 7 + 0 + -8 + 4 - 16?
-13
What is the value of (8 - (4 + 8)) + -4 - (0 - -12 - 7)?
-13
Calculate 7 - ((-26 + (16 - 8) - -41) + -7).
-9
(174 - 50) + ((-5 - -25) + -18 - (2 + -1))
125
Calculate -4 + 19 + -5 + -73 + 39 - 9.
-33
What is the value of (14 - -3 - 16) + (-1 - 4) + -6 + 6?
-4
-16 + 1 + -7 + 20 + -3 - 14
-19
What is the value of (36 - (1 + 36) - -22) + 3?
24
Calculate 94 - 8 - (-9 + (32 - 9) + -7).
79
-84 - (-99 + -76 - -112)
-21
Calculate (2 + 4 - (2 + -36 - -30)) + -38.
-28
What is -1 - 15 - (-23 + (39 - -5) + -144 + 6)?
101
Calculate -92 - (-21 - ((29 - (38 + -11)) + -10 + -2)).
-81
-80 + 3 + 14 + -13 + 22
-54
What is the value of (-1 - 75) + 574 + -553 + 12?
-43
Evaluate -151 + -15 + (25 + -18 + -16 - -31).
-144
-36 + 20 - -25 - ((-9 - -48) + 8)
-38
What is the value of -7 - (-2 - -19) - (-626 - -642)?
-40
Evaluate 48 + (-42 - (-34 - -23)) - (-2 - -36).
-17
What is the value of 59 + -66 + -40 - 23?
-70
Evaluate -45 + -25 - (70 - 43).
-97
What is (-158 - -102) + -27 + 107?
24
Evaluate -37 - ((1 - -2) + 3 + 6 - (-55 + 58)).
-46
What is (9 - -1) + (-60 - (-29 - -4) - -17)?
-8
Evaluate 28 - (-39 - (24 + -57)).
34
What is -27 + 36 + 29 + 28 + -8?
58
Calculate 673 + -655 - (2 + 0 - 35).
51
Calculate -89 + (14 - (14 + (11 - (23 + -12 + 2)))).
-87
163 + -44 + -112 - (0 + 2)
5
What is (-139 - -105) + 100 + -136?
-70
(-10 + 110 - 8) + -165 + 121
48
-96 - (-55 + (-55 - -91))
-77
Evaluate 8 + (-49 - -4 - (-2 + -5)) + -11.
-41
-928 - -1066 - (70 - 3)
71
Evaluate 1 - -44 - (-29 + (50 - (-8 + 16))).
32
Calculate (-6 - (16 + (-53 - -4))) + 1.
28
What is the value of 0 + -1 + 9 + -2 + (147 - -80 - 211)?
22
What is -47 + (6 - 15) + 52?
-4
-11 + 4 + -12 - (550 + -647)
78
Calculate 100 + -61 + 7 + 4.
50
What is -6 - -3 - -7 - (109 + (-93 - -11))?
-23
What is -127 + -86 + (2 - -193)?
-18
(853 - 841) + -8 + -19
-15
What is the value of (2 + 8 + 2 - 107) + -37 + 19?
-113
Calculate (53 - -56) + -62 + -103.
-56
Evaluate 59 + (11 - 27) + -76.
-33
What is the value of -1151 + 1141 + 0 + -35?
-45
Calculate -85 + (-5 - -48 - -53).
11
-47 + -25 + 20 + (-15 - -6)
-61
Calculate -83 + (-7 - -18 - (-23 - -37)).
-86
Calculate (9 - (6 + -2 + -5 + 26)) + -42.
-58
Calculate (-10 + 17 + -8 + -11 - 1 - 2) + 6.
-9
Evaluate 1 - (1 + 1) - (-96 - (-17 + -7)).
71
Evaluate 21 + 0 + (-97 - (-76 - 8)).
8
(-37 - 6 - -108) + (2 - 32)
35
Evaluate 45 + -40 - (-7 + -5 + 15 - (-20 - 3)).
-21
0 + 2 + 0 + -26 - (-190 + 104 + 75)
-13
What is 0 + -4 - ((-32 + 32 - -26) + 6 + 9)?
-45
Evaluate (5 - 45) + 28 + -2 + 127.
113
10 - ((17 - 22) + (2 - 21)) - 11
23
Calculate 6 + (-8 - 8) - -23 - (16 + 3).
-6
What is -6726 + 6627 - (0 + 0 + -33)?
-66
39 + (9 - (8 + 14)) + (-3 - -14)
37
Calculate (3 - -4) + (13 - 15) - (-6 - (-87 + -5)).
-81
What is the value of 20 - ((2 - -3) + (-17 + 6 - 5))?
31
Evaluate 9 - 6 - (0 + (-3 - 7) - -54).
-41
Evaluate (-29 - 32) + (12 - (16 + 2)).
-67
Evaluate 133 + -66 + -33 + 15 + -1.
48
What is -118 + 42 + 25 - (2 + -1 - 12)?
-40
83 + 0 + 55 + 27 + -87
78
Calculate 135 + (-62 - -33 - 12).
94
Evaluate -8 - (11 + 1 + 100 + -102 + 1 + -5).
-14
6 + -6 + -87 - (-20 + -3 - -37)
-101
What is the value of -7 - -3 - (-75 + 73) - -88 - (1 + -2)?
87
Calculate -6 + -45 + -3 + (8 - -11 - 2).
-37
What is (-1 - 3) + -13 - (15 + 1 + -45)?
12
Calculate 131 + -162 - (24 - 87).
32
What is the value of -30 - (69 - 40) - -145?
86
What is 69 - 48 - ((5 - -1) + (248 - 235))?
2
Evaluate -54 + (10 - (29 + 35 + -74)).
-34
What is 458 - 473 - (0 + -2 - (-1 + 39))?
25
Calculate (88 - 45) + -38 + 11.
16
What is -51 - -2 - (75 + -45 + -39)?
-40
What is the value of (-43 - (18 + -1)) + -28 - (-3 + -9)?
-76
What is -2 - 18 - (-1 - (-10 - -2) - (-9 + 17))?
-19
-3 - (-56 + 18 - -13)
22
What is the value of 7 + 5 - ((1 - 12) + 22) - -2?
3
Evaluate -5 + 3 + 18 + -37.
-21
7 + (-2 - -6) + -7 + (-5 - -24) + -77
-54
-11 + 33 + (-1 - 14 - (85 - 0))
-78
Calculate 7 + 0 - ((1 - -23) + -36 - -33).
-14
What is the value of (-66 - ((-17 - -22) + -23 + 9)) + -22?
-79
What is the value of 76 + (-18 - (-69 - (34 - 58)))?
103
(2 + -6 + 0 - -4 - -8) + -1
7
Calculate 25 + -19 + 24 + -45 + 110.
95
What is the value of 11 + -1 + -1765 + 1825?
70
(-53 - -95) + -41 + (-18 - -24)
7
What is the value of 42 + 0 + (0 - 148 - -129)?
23
Evaluate -354 + 314 + (-3 - -27).
-16
What is (184 - 85) + (3 - -2 - -2) + 12?
118
54 + 7 - (333 - 287)
15
What is the value of -7 - (14 - (16 + (41 - 20) + 12))?
28
Calculate (-26 + -106 - -25) + 191.
84
Calculate 43 + 139 + -48 + (7 - (2 - 1)).
140
Evaluate -52 - (7 - (31 + (13 - 27))).
-42
What is -16 - (14 - -5 - (-28 + 56))?
-7
169 + -170 + ((-3 - (2 - 0)) + -5 - -4)
-7
Calculate -28 + 10 + -4 + (381 - 334).
25
Calculate -22 + -40 + 6 + 16 + 0.
-40
What is 34 + -51 - (-10 + 4 - -6)?
-17
Calculate (14 - 21) + 11 - (5 - 1 - (-18 - -2)).
-16
-49 - (1 + -6) - (-22 - -21)
-43
What is -75 - (-37 + (2 + -26 - -39))?
-53
-1 + 71 + -51 + (-10 - 0)
9
What is (-6 - -7) + (1 - 2 - (-10 - -30)) + -7?
-27
324 + -243 + 20 + -124
-23
Evaluate 14 + 1 - (12 + -72 + (4 - 38)).
109
5 - (-19 + -1 + (725 - 737))
37
What is the value of (1 + -7 - -3 - 67) + (-139 - (-309 - -167))?
-67
Evaluate 12 + (-3 - ((7 - 1) + (-134 - -111))).
26
What is -41 + (2 - (14 - (-16 + (-16 - -45))) - 4)?
-44
What is (414 - 457) + (-3 - (6 + 1)) + -9?
-62
What is the value of (-10 - ((-3 + 4 - 2) + -16)) + 49?
56
What is 286 - 300 - (-38 - -4 - -1) - (-3 + 6)?
16
-10 - -84 - (39 - 36)
71
Calculate -13 - ((5 - 15) + -31 + 45).
-17
-318 + 372 - (-5 + 50)
9
What is 1 - -166 - (-174 + (27 - -186))?
128
Evaluate 21 + -14 + (1 - 11) + (69 - 20).
46
What is the value of (-95 - 1) + (-41 - -50) + 14 + (0 - 24)?
-97
Evaluate (17 - 18) + -79 + 127.
47
What is -6 - 0 - (-54 - 1 - (-153 + 22 - -138))?
56
0 + 10 - (-2 + -30 + -24)
66
-12 - (-3 + -13 + -8) - -2 - -25
39
What is (107 + -76 - 162) + 93?
-38
101 + -124 + 131 + -80
28
Calculate 24 + (-5 - -38 - 92).
-35
What is the value of (-16 + 2 - (-140 - -132)) + 34?
28
What is 1 - -1 - 0 - (11 + -37 - -40 - 67)?
55
What is the value of 37 - (99 + -22) - ((-3 - 0) + 8 - 2)?
-43
Calculate -14 - ((-24 - (0 - 11 - (1 - 1))) + -22).
21
What is the value of -7 + 1 + (-17 + 42 - 37)?
-18
Evaluate 9 + -5 + 2 - (11 - 9 - 0) - 37.
-33
Evaluate (251 + -84 + -171 - (6 - (0 - 0))) + 103.
93
What is the value of -16 + (-5 - -7 - (-29 + 25)) - (0 - 54)?
44
What is -79 + -30 + 48 - -17?
-44
What is the value of -176 - -198 - (-4 - 1 - -25) - (-6 - 1)?
9
Evaluate 10 + -162 + 9 + -1 + (18 - (-18 + 25)).
-133
Calculate -8 - (126 + -153) - (1 + -29).
47
What is -2 + 25 + (-2868 - -2884)?
39
-64 + 132 + 22 + (-1 - (6 + -13))
96
(-1 - -6) + 6 + (-18 - -6) + 7 + 42
48
What is the value of -2 + 2 + -5 - (-28 + 0 + 329 + -306)?
0
Calculate -69 + 33 + 14 + 10 + 50.
38
Calculate 5 + -53 + 53 - (0 + -2 - -6) - 61.
-60
Calculate 2 + -56 + (-32 - (-9 + -4)) + -6 + 33.
-46
Calculate -96 + -49 + (0 - -8) - (111 - 126).
-122
What is the value of 1038 + -1095 - ((2 - (4 + -7) - 4) + 1)?
-59
Evaluate 2 + 6 - (22 + -2 + 114 + -89).
-37
What is 8 + -1 + 16 + (3 - 19)?
7
What is -17 + 88 + -26 + 7?
52
Calculate 96 - -1 - (-1 + (-33 - -1) + 20 + 26).
84
(-386 - -407) + -16 + 9
14
What is (69 - (212 - 70) - (-11 + 1)) + 0?
-63
Calculate 23 + (1 - 11) + 61 - (-10 + 5 + 1).
78
9 + (160 + (-19 - 31) - 47)
72
-83 + 156 + -85 - 37
-49
What is (62 - (3 + -4)) + (43 - (13 - -50))?
43
What is the value of 3 - (12 + -2) - (818 + -815) - -39?
29
What is the value of (-8 - -33) + (-94 - -38) + (1 - 0) + -3?
-33
What is (166 - (27 + 18)) + -78?
43
Evaluate 65 + 146 + -231 + 102.
82
Evaluate -946 - -968 - (-3 + (1 - 23)).
47
What is (-3 - -4) + -120 - (-325 + 304)?
-98
Evaluate 0 + (35 - 25) + -4 + -8 + 